-l*x = 4*n - 14 - 4, -x = 5. Calculate the remainder when 111 is divided by n.
6
Suppose -5*c = 25, -206 = j - 2*c - 256. What is the remainder when 279 is divided by j?
39
Suppose -58076 = -8*n + 3*m, -28*n + 32*n - 29028 = 4*m. Calculate the remainder when n is divided by 227.
224
Suppose 5*t = d + 14 - 27, 13 = d - 2*t. What is the remainder when 3 + -1 - ((-5 - 52) + -5) is divided by d?
12
Let y = 4681 + -4633. Calculate the remainder when y is divided by 44.
4
Suppose -212*a = -208*a - 2*f - 988, -498 = -2*a + 3*f. What is the remainder when 1136 is divided by a?
152
Let g(h) = 11*h - 2. Let k be g(10). Suppose 2*j - 122 = -3*s, 76 = 3*j + 5*s - k. What is the remainder when j is divided by (-119)/(-4) - (-2)/8?
28
Suppose 0 = 159*g + 3490 - 40537. Calculate the remainder when 367 is divided by g.
134
Let q = 1161 + -516. Suppose -71*t + 3380 - 2528 = 0. What is the remainder when q is divided by t?
9
Calculate the remainder when 484 is divided by (-605)/(-1)*(-259*8/(-280) - 7).
0
Suppose -2*x - 4*t = -26, 0 = -42*x + 38*x - 2*t + 58. What is the remainder when 12147 is divided by x?
12
Let g(i) = -2*i**3 - 15*i**2 + 6*i - 16. Let c be g(-8). Calculate the remainder when c - -2 - (-2 + -125 - -1) is divided by 26.
24
Let i(h) = 9*h + 157. Let w be i(-17). Suppose c - w*b = 24, -4*c - b + 59 = -c. What is the remainder when c is divided by 12?
8
Suppose 6*d - 5*d = -x - 3, -3*x - 10 = 2*d. Let a(t) = 40*t**2 - 9*t - 1. What is the remainder when 115 is divided by a(d)?
25
Let h(k) = -4*k**2 - 272*k - 1696. Let s = 3 + -3. Suppose s = -4*g + 2*g + 64. What is the remainder when g is divided by h(-61)?
8
Suppose g - 672 = -2*s + 6*g, -5*g - 1008 = -3*s. Let t be 15/25 + s/15. Suppose t = 2*j - 73. Calculate the remainder when j is divided by 25.
23
Let u(b) = -10*b + 139. Let o be u(12). Suppose o = -11*n + 305. Calculate the remainder when n is divided by 14.
12
Let d(s) = 37*s**2 - 45*s**2 + s + 6*s - 12 + s**3. What is the remainder when d(8) is divided by 18?
8
Suppose -16 = 2*o + 2*h, -72*h - 12 = -75*h. Calculate the remainder when 253 is divided by (20/15)/(2 + 20/o).
1
Let m = -19943 + 19971. Suppose 5*g - 17 - 18 = 0. Calculate the remainder when m is divided by g.
0
Suppose -2*l - 3*r + 7 = -6*r, 2*l - 3 = -r. Let i = 19 + l. Let f = 16 + 23. What is the remainder when f is divided by i?
18
Let z be ((-570)/12)/((-2)/4). Suppose 0 = 9*q - 5*q - 5*i - z, -5*i - 15 = 0. Calculate the remainder when 70 is divided by q.
10
Let t = 144 - 146. What is the remainder when (-3120)/(-91) + t/7 - 4 is divided by 11?
8
Suppose -83657 = -3*c + 5*w, -50692 = -2*c - 2*w + 5042. What is the remainder when c is divided by 61?
58
Suppose -w = 7*y - 3*y - 317, 5*w - 5 = 0. Suppose 2*r + 17*a = 15*a + 12, 7*r - 2*a - 24 = 0. Calculate the remainder when y is divided by r.
3
Let m = -22585 - -22655. Calculate the remainder when m is divided by 107/4 - 2/(-8).
16
Suppose -322 - 157 = -28*v + 81. What is the remainder when 257 is divided by v?
17
Suppose 2234*k - 2*a = 2233*k + 585, 2*k + 3*a = 1205. Calculate the remainder when k is divided by 60.
55
Let g(n) = -n**3 + 8*n**2 + 209*n + 185. Calculate the remainder when 726 is divided by g(-11).
171
Let q(m) = -314 - 3*m - 338 - 13*m + m**2 + 677 - 2*m**2. What is the remainder when 60 is divided by q(-14)?
7
Let a = -12284 - -12345. Suppose -8*u + 55 = -3*u. Calculate the remainder when a is divided by u.
6
What is the remainder when (-477)/(-6) - (-1)/2 is divided by (2 + (-98)/42)/(1/(-9))?
2
Suppose 759*y - 56496 = 693*y. What is the remainder when y is divided by 78?
76
Suppose 3*t = -5*v + 284, 11*t - 16*t + 164 = 3*v. What is the remainder when 3363 is divided by v?
57
Suppose -c - 8 + 101 = 5*z, -5*c = 35. Calculate the remainder when 10159 is divided by z.
19
Let m(z) = 34*z**2 - 12*z - 278. Calculate the remainder when m(-6) is divided by 83.
22
Suppose 0 = 20*y + 156 - 676. What is the remainder when y is divided by 4?
2
Let r(d) = -d**3 + 2*d**2 + 2*d + 66. Calculate the remainder when r(-5) is divided by 45.
6
Let x = -173 - -201. What is the remainder when x is divided by 5?
3
Let j = 1150 + -1013. What is the remainder when 676 is divided by j?
128
Let y be -6 + -595 - (0 + 5). Let v = y + 727. What is the remainder when v is divided by 33?
22
Let b be 372/(-16)*(16 + -8). Let j = -161 - b. Calculate the remainder when j is divided by 16.
9
Suppose 1427 = -19*h + 15222 + 6060. What is the remainder when h is divided by 1044?
1
Let g(y) be the second derivative of 3*y**4/4 + y**2/2 - 15*y + 1. What is the remainder when 59 is divided by g(-1)?
9
Suppose 27*l - 531 = 1008. Let u = 554 + -331. What is the remainder when u is divided by l?
52
Calculate the remainder when (-1)/(7 - 26376/3766) is divided by 137.
132
Suppose v - 13 = -5*j, -2*j + 6 + 1 = v. Suppose 0 = -5*r + 4*a - 8*a + 116, -5*r = -v*a - 88. What is the remainder when r is divided by 6?
2
Let u be 4/(20/(-12) - -3). Let k be 2 + -2 + (-1 - -42) - u. Suppose -5*f = -t + k, -t = -3*f - 6 - 30. What is the remainder when t is divided by 12?
9
Let u(z) be the first derivative of -8 + 0*z**2 + 15*z + z**2 + 21*z - 26*z. What is the remainder when u(-4) is divided by 1?
0
Let f = -14 - -59. Suppose -17 = 4*a - f. Suppose 4*n + 24 = 3*p - 5, 5*p = n + 20. What is the remainder when a is divided by p?
1
Let l = -50 - -53. Suppose -n + 3*h = -l, 0*n - 5 = n - 5*h. What is the remainder when 2/8 - 291/(-4) is divided by n?
13
Let z = -3189 + 3216. Calculate the remainder when 296 is divided by z.
26
Let f = 187 + -151. Suppose -53*j - 360 = -55*j - b, 2*j + 5*b - 368 = 0. What is the remainder when j is divided by f?
35
Let a(k) = k**3 + 8*k**2 + 10*k + 2. Let z be a(-5). Let m = -75 + z. What is the remainder when 8 is divided by (-22)/(-6) - (-32)/m?
2
Suppose -42 = -d - 3*g, 415*d = 414*d - 4*g + 37. Calculate the remainder when 237 is divided by d.
9
Let o(u) = 10*u**2 - 4*u + 229. What is the remainder when o(0) is divided by 93?
43
Let w(s) = 22 - 10*s - 28 + 8*s + 64. Suppose 3*t - 102 = t. Calculate the remainder when t is divided by w(16).
25
Let k = -3147 + 3188. Calculate the remainder when 97 is divided by k.
15
Let c(v) = 69*v - 59. Let n be c(-11). Let x = -678 - n. Calculate the remainder when x is divided by 13.
10
Suppose 0 = 2*c - 4*d - 40, -276 = -7*c - 3*d - 68. What is the remainder when 1229 is divided by c?
25
Suppose 2*p = 2*j - 5962, 7723 = 5*j + 3*p - 7134. What is the remainder when j is divided by 20?
15
Let z = -24 + 25. Let l(c) = 6*c + 4. Suppose -5*d = 5*n - 110, 2*d + 40 = 3*d - 5*n. What is the remainder when d is divided by l(z)?
5
Let j = 7550 + -7119. Calculate the remainder when j is divided by 74.
61
Suppose 0 = 32*g - 38*g + 1380. Suppose 0 = g*j - 226*j - 160. What is the remainder when j is divided by (46/(-8))/((-3)/12)?
17
Suppose m + 104 = -4*i, -3*i - 67 = m - 3*m. Calculate the remainder when 69 is divided by 2/5 + ((-765)/i - -1).
5
Suppose -1526 = -4*z - 2*q, 77*q + 1894 = 5*z + 81*q. What is the remainder when z is divided by (129/(-6))/(1/(-2))?
42
What is the remainder when 9 - 1 - ((3 - -1) + -1257) is divided by 388?
97
Suppose 3*u + 4388 = -31*s + 33*s, 0 = s - 4*u - 2179. What is the remainder when s is divided by 58?
57
Suppose -4*c - 508 = -3*s, s - 816 = -4*s - c. Let k = s + -154. Calculate the remainder when 35 is divided by k.
5
Let l = -9 - -13. Suppose 192 = l*f - f. What is the remainder when f is divided by (242/(-55))/((-2)/10)?
20
Suppose 437*g - 434*g - 648 = -4*a, 0 = -4*g - 4*a + 864. What is the remainder when 4103 is divided by g?
215
Let h be 16/56 + 54/7. Let n(t) = 3*t**2. Calculate the remainder when n(-3) is divided by 24/(-32) - (-126)/h.
12
Let o(q) = 201*q**2 - 977*q + 12. Calculate the remainder when 418 is divided by o(5).
114
Let f = -61 - -64. Let l = f - -18. Calculate the remainder when 89 is divided by l.
5
Suppose 22356 = 134*c + 142*c. What is the remainder when 3482 is divided by c?
80
Let m = 2 + -236. Let y = m - -293. Calculate the remainder when y is divided by 20.
19
Let u(i) = 20*i. Let n(q) = 132*q - 77. Let h be n(11). Suppose 11*z - 341 - h = 0. Calculate the remainder when z is divided by u(2).
36
Suppose -4*f - 3*c + 51 = 0, 2*f 